{"id":15,"date":"2022-12-28T18:54:58","date_gmt":"2022-12-28T18:54:58","guid":{"rendered":"https:\/\/interesting-lumiere.217-160-247-238.plesk.page\/index.php\/homepage\/"},"modified":"2023-05-31T13:39:33","modified_gmt":"2023-05-31T11:39:33","slug":"homepage","status":"publish","type":"page","link":"https:\/\/interesting-lumiere.217-160-247-238.plesk.page\/","title":{"rendered":"Webshop"},"content":{"rendered":"\n<div class=\"wp-block-cover\"><span aria-hidden=\"true\" class=\"wp-block-cover__background has-background-dim-0 has-background-dim\"><\/span><img loading=\"lazy\" decoding=\"async\" width=\"1920\" height=\"1280\" class=\"wp-block-cover__image-background wp-image-16\" alt=\"\" src=\"https:\/\/interesting-lumiere.217-160-247-238.plesk.page\/wp-content\/uploads\/2022\/12\/other-small.jpg\" data-object-fit=\"cover\" srcset=\"https:\/\/interesting-lumiere.217-160-247-238.plesk.page\/wp-content\/uploads\/2022\/12\/other-small.jpg 1920w, https:\/\/interesting-lumiere.217-160-247-238.plesk.page\/wp-content\/uploads\/2022\/12\/other-small-300x200.jpg 300w, https:\/\/interesting-lumiere.217-160-247-238.plesk.page\/wp-content\/uploads\/2022\/12\/other-small-1024x683.jpg 1024w, https:\/\/interesting-lumiere.217-160-247-238.plesk.page\/wp-content\/uploads\/2022\/12\/other-small-768x512.jpg 768w, https:\/\/interesting-lumiere.217-160-247-238.plesk.page\/wp-content\/uploads\/2022\/12\/other-small-1536x1024.jpg 1536w, https:\/\/interesting-lumiere.217-160-247-238.plesk.page\/wp-content\/uploads\/2022\/12\/other-small-1320x880.jpg 1320w, https:\/\/interesting-lumiere.217-160-247-238.plesk.page\/wp-content\/uploads\/2022\/12\/other-small-600x400.jpg 600w\" sizes=\"auto, (max-width: 1920px) 100vw, 1920px\" \/><div class=\"wp-block-cover__inner-container is-layout-flow wp-block-cover-is-layout-flow\">\n<p class=\"has-large-font-size\">Cum pot oamenii s\u0103 lucreze \u00eempreun\u0103 mai eficient?<\/p>\n\n\n\n<p class=\"has-medium-font-size\">De peste 20 de ani suntem preocupa\u021bi de aceast\u0103 \u00eentrebare \u0219i dezvolt\u0103m instrumente de \u00eenv\u0103\u021bare \u00een jurul competen\u021belor sociale \u0219i personale pentru training, coaching \u0219i dezvoltarea resurselor umane.<\/p>\n\n\n\n\n\n<div class=\"wp-block-buttons is-content-justification-center is-layout-flex wp-container-core-buttons-is-layout-16018d1d wp-block-buttons-is-layout-flex\">\n<div class=\"wp-block-button\"><a class=\"wp-block-button__link wp-element-button\" href=\"https:\/\/interesting-lumiere.217-160-247-238.plesk.page\/index.php\/shop\/\">Descoper\u0103 instrumentele persolog!<\/a><\/div>\n<\/div>\n<\/div><\/div>\n\n\n\n<h2 class=\"wp-block-heading has-text-align-center\">Produse<\/h2>\n\n\n\n\n\n\n<div class=\"wp-block-buttons is-content-justification-center is-layout-flex wp-container-core-buttons-is-layout-16018d1d wp-block-buttons-is-layout-flex\">\n<div class=\"wp-block-button\"><a class=\"wp-block-button__link wp-element-button\" href=\"https:\/\/interesting-lumiere.217-160-247-238.plesk.page\/index.php\/product\/abcul-personalitatii\/\">Shop now<\/a><\/div>\n<\/div>\n\n","protected":false},"excerpt":{"rendered":"<p>Produse<\/p>\n","protected":false},"author":1,"featured_media":0,"parent":0,"menu_order":0,"comment_status":"closed","ping_status":"closed","template":"","meta":{"_kad_post_transparent":"","_kad_post_title":"","_kad_post_layout":"","_kad_post_sidebar_id":"","_kad_post_content_style":"","_kad_post_vertical_padding":"","_kad_post_feature":"","_kad_post_feature_position":"","_kad_post_header":false,"_kad_post_footer":false,"footnotes":""},"class_list":["post-15","page","type-page","status-publish","hentry"],"_links":{"self":[{"href":"https:\/\/interesting-lumiere.217-160-247-238.plesk.page\/index.php\/wp-json\/wp\/v2\/pages\/15","targetHints":{"allow":["GET"]}}],"collection":[{"href":"https:\/\/interesting-lumiere.217-160-247-238.plesk.page\/index.php\/wp-json\/wp\/v2\/pages"}],"about":[{"href":"https:\/\/interesting-lumiere.217-160-247-238.plesk.page\/index.php\/wp-json\/wp\/v2\/types\/page"}],"author":[{"embeddable":true,"href":"https:\/\/interesting-lumiere.217-160-247-238.plesk.page\/index.php\/wp-json\/wp\/v2\/users\/1"}],"replies":[{"embeddable":true,"href":"https:\/\/interesting-lumiere.217-160-247-238.plesk.page\/index.php\/wp-json\/wp\/v2\/comments?post=15"}],"version-history":[{"count":8,"href":"https:\/\/interesting-lumiere.217-160-247-238.plesk.page\/index.php\/wp-json\/wp\/v2\/pages\/15\/revisions"}],"predecessor-version":[{"id":99,"href":"https:\/\/interesting-lumiere.217-160-247-238.plesk.page\/index.php\/wp-json\/wp\/v2\/pages\/15\/revisions\/99"}],"wp:attachment":[{"href":"https:\/\/interesting-lumiere.217-160-247-238.plesk.page\/index.php\/wp-json\/wp\/v2\/media?parent=15"}],"curies":[{"name":"wp","href":"https:\/\/api.w.org\/{rel}","templated":true}]}}